 g.
3, 5
Let a be (-136)/(-3)*(-5)/(10/6). Let s be (-2)/(-17) - (-16)/a. Suppose s = -3*t - 163 + 550. List the prime factors of t.
3, 43
Let r be 1884/48 + 2/(-8). Let y = -37 + r. Suppose y*t - 28 = -0*t. List the prime factors of t.
2, 7
Let v = -53 + 57. Suppose -5*s + 364 = r + 33, -v*r = 3*s - 1290. What are the prime factors of r?
3, 107
Let g be 14/(-2 + 72/34). Let p = 1 + -15. Let x = g - p. List the prime factors of x.
7, 19
Suppose 49*x = -5*r + 47*x + 37144, 4*x + 7420 = r. What are the prime factors of r?
2, 3, 619
Let r be (126690/35)/2 + 2/14. Suppose -2*q + 724 = x, 4*q + q - 3*x - r = 0. What are the prime factors of q?
2, 181
Suppose -7*y - 2*r = -5*y - 2370, 5*y - 5975 = 5*r. Let t(f) = f**3 + 6*f**2 - 8*f - 9. Let n be t(-7). What are the prime factors of y/28 - (-3)/n?
41
Suppose -15 = -3*o, 3*o = -2*q + 4696 + 2805. What are the prime factors of q?
19, 197
Suppose 0 = -3*k + 3*o + 13560, -4*k + 16553 = -5*o - 1527. What are the prime factors of k?
2, 5, 113
Suppose -11*g + 6 = -13*g. List the prime factors of -5 - 1*(-1230)/g*-1.
3, 5
What are the prime factors of (-619475)/(-100) + 29 - (-10)/8?
3, 5, 83
Suppose -3 + 8 = -5*q + 5*l, 4 = -q + 4*l. Suppose -9*i + 45 + 9 = q. Suppose -6*u = i*u - 1908. List the prime factors of u.
3, 53
Suppose 488*q + 41746 = 973*q - 483*q. List the prime factors of q.
20873
Suppose 0*m - 3*m - 3*o + 33 = 0, -3*m + 35 = 5*o. Let i be 34/(-4) - (-5)/m. List the prime factors of (-716)/i + (-3)/6.
89
Let z be -3*4*(-5)/(-30). Let d be (9/((-45)/220))/z. Suppose d*a - 19*a = 156. What are the prime factors of a?
2, 13
Suppose -37*h = -29*h - 32. List the prime factors of (-7 + -22 + 7)/(h/(-2)).
11
Let k = -482 + 484. Suppose 5*h - 3*s - 2335 = 0, h + k*s - 1868 = -3*h. What are the prime factors of h?
467
Suppose 4*l = -2*y + 50, 37 + 10 = 4*l + 5*y. Let o = 0 + l. List the prime factors of o + -9 - (1 - 152).
5, 31
What are the prime factors of 16 + ((-84)/21 - -35291)?
43, 821
Let w(p) = 120*p**2 + 23*p + 35. What are the prime factors of w(-16)?
3, 7, 1447
Let i = 6920 - 343. List the prime factors of i.
6577
Suppose -v + 5*v = -5*d + 1975, -5*v = -4*d + 1580. Let y = -119 + d. What are the prime factors of y?
2, 3, 23
Let w = 80 + 74. Let f = w - -35. What are the prime factors of f?
3, 7
Let k be -6*(5 + 2/(-4)). Let s be (2/3)/((-6)/k). Suppose -4*p + 2*a = -p - 481, s*a - 789 = -5*p. What are the prime factors of p?
3, 53
Let m(c) = c**3 - 8*c**2 - 3. Let f be m(8). Let u(i) = -2*i - 6. Let r be u(f). Suppose r = 6*w - 16 - 80. What are the prime factors of w?
2
Let r be 0 - (-4)/(-16) - 3775/4. Let w = r - -1342. What are the prime factors of w?
2, 199
Suppose 0 = -f - 3*p + 25345, 76055 = -f + 4*f + 4*p. List the prime factors of f.
25357
Let f be 22/4 - 21/14. Let l = 893 + -594. Suppose -l = -f*d + 3*a, 482 = 5*d - 5*a + 112. List the prime factors of d.
7, 11
Suppose 29*g - 744186 + 34416 = 100867. List the prime factors of g.
27953
Suppose -5*q - 18 = r, 0 = 2*r + 2*q + 20 - 0. Let o be (-4)/6*(-380 - r). Suppose -4 - o = -6*c. List the prime factors of c.
2, 3, 7
Let f(z) = 94*z - 7 - 8*z**2 - 205*z + 97*z - z**3. What are the prime factors of f(-6)?
5
Suppose 4*k - 5502 - 2751 = u, 3*u = -15. List the prime factors of k.
2, 1031
Let n(b) = 352*b**2 - b + 3. Let y be (-120)/(-135) - 2/(-18). What are the prime factors of n(y)?
2, 3, 59
Let r(n) = -1357*n - 10783. What are the prime factors of r(-51)?
2, 67, 109
Let n(a) = -2*a**2 - 39*a + 3. Let y be n(-19). Let j = -36 + y. Let p = 14 - j. List the prime factors of p.
2, 7
Let v(a) be the second derivative of 611*a**3/6 - 9*a**2/2 + 14*a + 2. What are the prime factors of v(1)?
2, 7, 43
Let r be (-5)/(-15)*(0 - -165). Let s(l) = -32*l - 3. Let w be s(-2). Suppose -u - 4*y = -w, r = -0*u + u + y. What are the prime factors of u?
53
Suppose 11*t = 5*t + 12. Suppose t*o = 148 + 48. What are the prime factors of o?
2, 7
Let b(g) = -g**3 - 30*g**2 - 18*g - 50. Let n(s) = 3*s**3 + 90*s**2 + 54*s + 151. Let l(m) = -8*b(m) - 3*n(m). List the prime factors of l(-31).
2, 733
Let i = -8 + 16. Let w be 382/4 - 1/16*i. Suppose 5*s - 63 = -3*f + w, 207 = 4*f + 3*s. List the prime factors of f.
3, 17
Let r(m) = 52*m - 74. Let c be r(7). Suppose 15*k - 700 = c. List the prime factors of k.
2, 3, 11
Suppose -126876 = -3*j - a, 40*j = 41*j - 5*a - 42260. What are the prime factors of j?
2, 5, 4229
Let l be -289 + (-1 - -6)/(-5). Let i be (l/25)/((-3)/15). Suppose 3*h - i = 2*h. What are the prime factors of h?
2, 29
Let w be -6*(200/(-24) - -8). Suppose 6*p - 1649 = -3*l + 10*p, 1100 = w*l - 2*p. What are the prime factors of l?
19, 29
What are the prime factors of (-6)/((-120)/(-35))*4 + 7313?
2, 13, 281
Let g(a) = 20*a**2 + 53*a + 498. What are the prime factors of g(-26)?
2, 5, 79
Let v be (-6)/(0 + 3/(-4)). Suppose 3*p + v = 4*p. What are the prime factors of ((-2)/1)/(p/(-156))?
3, 13
Suppose 5*o = -3*h - 6 + 23, 2*h - 5 = 3*o. Suppose -964 = -4*d - 4*z, -h*d + 2*z = -z - 929. What are the prime factors of d?
2, 59
What are the prime factors of 4577 - 6 - (-14 - -24)?
4561
Suppose 2*h - 3*c + 2 = -3, -2*h - 5*c = -19. Suppose 25 + h = 9*k. Suppose -3*a = f - 182, f = k*f + 3*a - 361. List the prime factors of f.
179
Let j = -285 + 161. Let m = 1312 + j. List the prime factors of m.
2, 3, 11
Suppose -2*x - 5*t + 40 = 5, -3*x + 10 = -t. Let w(l) = l**3 + 8*l**2 - 8*l - 3. What are the prime factors of w(x)?
2, 3, 47
Let c(j) = 59*j**2 - 487*j + 28. List the prime factors of c(19).
2, 6037
Let h(z) = 8*z - 79. Let m be h(15). Suppose -2*t - 5*i = 125, -3*t - i - m = 140. What are the prime factors of (-833)/(-3) - t/(-90)?
277
Let p = 60646 + -24029. What are the prime factors of p?
7, 5231
Suppose -141330 = -10144*o + 10129*o. What are the prime factors of o?
2, 7, 673
Suppose -9*g + 44 = 8. Suppose g*t - 40 = -24, -5*r + 4*t = -289. List the prime factors of r.
61
Suppose -4*x + 0*x + s = -74800, 5*s = -4*x + 74776. List the prime factors of x.
3, 23, 271
Let v = 136242 + -90656. List the prime factors of v.
2, 23, 991
Let d be 57/12 + 21/(-28). Suppose d*a + 4*g - 25 - 3 = 0, 0 = 2*g. Suppose 2*l + 2*c - a*c - 92 = 0, -l + 2*c + 45 = 0. List the prime factors of l.
41
Let u(x) be the first derivative of -73*x**4/2 - x**2 - x - 29. What are the prime factors of u(-1)?
3, 7
Let w be (5 - 0)*10/50. List the prime factors of 115860/75 + w/5 + 0.
3, 5, 103
Suppose 2*f - 90 = -4*k + 16, -3 = -f. What are the prime factors of (k/(-30))/(4/(-3912))?
5, 163
Suppose 223537 = 63*q - 482882. What are the prime factors of q?
11213
Suppose -2*t = -3*z - 449, 0 = t - 2*z - z - 232. Let o = t - -141. What are the prime factors of o?
2, 179
Suppose 4*r - 181 = w, 0 = 34*r - 35*r - 4. Suppose -p - 3*y = -2*y - 284, 4*p - 5*y - 1100 = 0. Let l = p + w. List the prime factors of l.
83
Suppose 136*h = 49*h + 484938. What are the prime factors of h?
2, 3, 929
Let w be ((-6)/(-9) + -2)/((-6)/12861). Suppose -3*a - 5*n + 1721 = -0*a, 0 = -5*a + 2*n + w. What are the prime factors of a?
2, 11, 13
Suppose -5*c + 6*c - 2150 = o, o - 6462 = -3*c. List the prime factors of c.
2153
Let x(f) = f - 1. Let d(g) = 3. Let s(z) = d(z) + 2*x(z). Let k be s(1). Suppose -q = -k*r + 81 + 24, 4*q = -5*r + 175. What are the prime factors of r?
5, 7
Let r(v) = -2420*v + 1501. What are the prime factors of r(-27)?
66841
Suppose -8 = -2*o, 4*o - 5*o + 18 = -x. Let p(h) = -23*h - 31. List the prime factors of p(x).
3, 97
Let o be (-400)/18 - 2/(-9). Suppose p + 2*b = -200, -3*b = -5*p - 772 - 280. Let z = o - p. List the prime factors of z.
2, 3, 31
What are the prime factors of (2 + (-8)/12)*(-8 + (-30056)/(-16))?
2, 29, 43
Suppose 2 = -12*o + 13*o. Suppose o*g = 216 + 458. What are the prime factors of g?
337
Let j be (-25)/(-5) + -173 + -2. What are the prime factors of 3 - (4 - 7) - (j - 0)?
2, 11
Let u(m) = m**3 + 8*m**2 - 7*m + 12. Let y be u(-9). List the prime factors of 3/1 - 2104/24*y.
23
Let s(r) = 2*r + 13. Let h be s(-5). Suppose 2*g - 8 = 0, 0 = -5*c + h*g + 76 + 902. List the prime factors of c.
2, 3, 11
Let u = 627 + -602. Suppose -u*z = -4739 - 13936. What are the prime factors of z?
3, 83
Let a(i) = i**2 + 18*i. Let p(d) = -2*d**2 - 34*d + 1. Let k(m) = 11*a(m